ime factors of 583458.
2, 3, 47, 2069
List the prime factors of 1160194.
2, 7, 79, 1049
What are the prime factors of 29907285?
3, 5, 37, 53887
What are the prime factors of 8389017?
3, 7, 13, 10243
What are the prime factors of 301871?
83, 3637
What are the prime factors of 85559?
67, 1277
List the prime factors of 22462569.
3, 31, 47, 571
What are the prime factors of 308323?
308323
What are the prime factors of 22721471?
29, 53, 14783
List the prime factors of 161249.
11, 107, 137
What are the prime factors of 102328?
2, 12791
List the prime factors of 253033.
11, 23003
What are the prime factors of 247397?
73, 3389
What are the prime factors of 13621714?
2, 619, 11003
What are the prime factors of 393773?
449, 877
What are the prime factors of 466062?
2, 3, 173, 449
List the prime factors of 4050619.
67, 60457
List the prime factors of 36691152.
2, 3, 764399
What are the prime factors of 88299?
3, 9811
What are the prime factors of 98660?
2, 5, 4933
List the prime factors of 1900362.
2, 3, 17, 31, 601
List the prime factors of 84053.
84053
What are the prime factors of 10055117?
23, 97, 4507
List the prime factors of 1656234.
2, 3, 30671
What are the prime factors of 478408?
2, 7, 8543
What are the prime factors of 633366?
2, 3, 37, 317
What are the prime factors of 3038916?
2, 3, 253243
What are the prime factors of 1024131?
3, 17, 43, 467
What are the prime factors of 311650?
2, 5, 23, 271
List the prime factors of 14293916.
2, 7, 13, 107, 367
What are the prime factors of 3054375?
3, 5, 181
List the prime factors of 1099185.
3, 5, 127, 577
List the prime factors of 15996904.
2, 7, 11, 25969
List the prime factors of 134544.
2, 3, 2803
What are the prime factors of 3911944?
2, 488993
What are the prime factors of 267198?
2, 3, 44533
What are the prime factors of 6362456?
2, 795307
List the prime factors of 26649806.
2, 83, 160541
List the prime factors of 12686293.
251, 50543
What are the prime factors of 1002359?
1002359
What are the prime factors of 2368435?
5, 151, 3137
What are the prime factors of 27427970?
2, 5, 17, 161341
List the prime factors of 88294.
2, 131, 337
List the prime factors of 11379407.
13, 875339
List the prime factors of 12119681.
7, 1731383
List the prime factors of 1645592.
2, 13, 15823
List the prime factors of 1129413.
3, 376471
List the prime factors of 6429611.
131, 49081
What are the prime factors of 246079?
53, 4643
List the prime factors of 1030733.
11, 93703
List the prime factors of 4665383.
223, 20921
List the prime factors of 1308129.
3, 139, 3137
What are the prime factors of 1295936?
2, 20249
List the prime factors of 432028.
2, 108007
What are the prime factors of 638332?
2, 53, 3011
What are the prime factors of 5213510?
2, 5, 149, 3499
List the prime factors of 141303.
3, 19, 37, 67
What are the prime factors of 6605306?
2, 83, 39791
List the prime factors of 292583.
23, 12721
List the prime factors of 3706584.
2, 3, 7, 22063
List the prime factors of 3022482.
2, 3, 19, 26513
What are the prime factors of 936879?
3, 127, 2459
List the prime factors of 18808003.
18808003
What are the prime factors of 15320768?
2, 239387
What are the prime factors of 222467?
7, 61, 521
What are the prime factors of 1202394?
2, 3, 23, 8713
List the prime factors of 25606705.
5, 23, 107, 2081
List the prime factors of 3810598.
2, 11, 173209
What are the prime factors of 1099898?
2, 549949
What are the prime factors of 26080?
2, 5, 163
What are the prime factors of 646752?
2, 3, 6737
List the prime factors of 386983.
37, 10459
List the prime factors of 5216007.
3, 1738669
What are the prime factors of 32085522?
2, 3, 7, 254647
What are the prime factors of 13417561?
13417561
List the prime factors of 715521.
3, 19, 12553
List the prime factors of 2784710.
2, 5, 281, 991
List the prime factors of 784558.
2, 392279
List the prime factors of 1178499.
3, 7, 8017
List the prime factors of 488873.
7, 11, 907
List the prime factors of 34032.
2, 3, 709
List the prime factors of 7647453.
3, 11, 2861
What are the prime factors of 572206?
2, 286103
List the prime factors of 3090399.
3, 13, 79241
List the prime factors of 318010.
2, 5, 7, 11, 59
List the prime factors of 274903.
47, 5849
List the prime factors of 6443364.
2, 3, 536947
What are the prime factors of 752573?
17, 44269
List the prime factors of 2223530.
2, 5, 43, 5171
List the prime factors of 548042.
2, 11, 29, 859
What are the prime factors of 38673665?
5, 2203, 3511
List the prime factors of 496934.
2, 419, 593
What are the prime factors of 7536045?
3, 5, 11, 45673
What are the prime factors of 1707128?
2, 213391
List the prime factors of 546349.
546349
List the prime factors of 18593575.
5, 7, 11, 13, 743
What are the prime factors of 30342782?
2, 15171391
List the prime factors of 136687.
53, 2579
List the prime factors of 56570.
2, 5, 5657
List the prime factors of 352641.
3, 41, 47, 61
List the prime factors of 30146624.
2, 471041
What are the prime factors of 81448?
2, 10181
What are the prime factors of 172956?
2, 3, 7, 29, 71
What are the prime factors of 45096?
2, 3, 1879
What are the prime factors of 1963690?
2, 5, 131, 1499
What are the prime factors of 440761?
440761
What are the prime factors of 3864358?
2, 761, 2539
What are the prime factors of 1660541?
41, 101, 401
List the prime factors of 55215.
3, 5, 409
What are the prime factors of 19648368?
2, 3, 136447
What are the prime factors of 446894?
2, 7, 137, 233
What are the prime factors of 5293168?
2, 330823
What are the prime factors of 99411?
3, 13, 2549
What are the prime factors of 110248?
2, 13781
List the prime factors of 5446178.
2, 37, 73597
What are the prime factors of 8975488?
2, 70121
List the prime factors of 9410726.
2, 13, 23, 15737
What are the prime factors of 1909839?
3, 636613
List the prime factors of 533759.
43, 12413
What are the prime factors of 432875?
5, 3463
List the prime factors of 9409005.
3, 5, 209089
List the prime factors of 279104.
2, 7, 89
What are the prime factors of 169555?
5, 33911
What are the prime factors of 21955317?
3, 19, 23, 16747
What are the prime factors of 3889192?
2, 17, 28597
What are the prime factors of 150688?
2, 17, 277
What are the prime factors of 6645655?
5, 1329131
List the prime factors of 140782.
2, 43, 1637
List the prime factors of 5474583.
3, 97, 6271
What are the prime factors of 4291411?
61, 70351
List the prime factors of 6149342.
2, 17, 10639
What are the prime factors of 4312044?
2, 3, 11, 10889
What are the prime factors of 1465297?
271, 5407
List the prime factors of 1713610.
2, 5, 19, 29, 311
What are the prime factors of 2121851?
457, 4643
What are the prime factors of 15551909?
3181, 4889
What are the prime factors of 26926137?
3, 7, 61057
What are the prime factors of 6938107?
11, 630737
List the prime factors of 681708.
2, 3, 56809
List the prime factors of 449610.
2, 3, 5, 7, 2141
What are the prime factors of 4662237?
3, 257, 6047
List the prime factors of 7942552.
2, 992819
What are the prime factors of 630166?
2, 315083
List the prime factors of 818891.
211, 3881
List the prime factors of 8061.
3, 2687
List the prime factors of 8619875.
5, 11, 6269
What are the prime factors of 319016?
2, 39877
What are the prime factors of 1159103?
11, 105373
What are the prime factors of 222888?
2, 3, 37, 251
List the prime factors of 3795962.
2, 103, 18427
What are the prime factors of 2305943?
191, 12073
What are the prime factors of 5768027?
79, 73013
What are the prime factors of 2696989?
2696989
What are the prime factors of 24095982?
2, 3, 149, 26953
What are the prime factors of 2332769?
283, 8243
List the prime factors of 140185.
5, 23, 53
List the prime factors of 283370.
2, 5, 43, 659
What are the prime factors of 160616?
2, 17, 1181
What are the prime factors of 2790963?
3, 7, 14767
What are the prime factors of 13304736?
2, 3, 29, 59
List the prime factors of 137250.
2, 3, 5, 61
List the prime factors of 455843.
43, 10601
What are the prime factors of 43247?
59, 733
What are the prime factors of 336115?
5, 13, 5171
List the prime factors of 291615.
3, 5, 19441
List the prime factors of 14194667.
3413, 4159
What are the prime factors of 1603540?
2, 5, 80177
What are the prime factors of 1932924?
2, 3, 7, 23011
What are